of 1365564964?
6
What is the ten thousands digit of 819297926?
9
What is the tens digit of 75990716?
1
What is the units digit of 51611940?
0
What is the ten thousands digit of 347959406?
5
What is the hundred thousands digit of 2178542007?
5
What is the thousands digit of 133835713?
5
What is the thousands digit of 1112720239?
0
What is the ten millions digit of 1227383042?
2
What is the millions digit of 15842057?
5
What is the thousands digit of 80864743?
4
What is the hundreds digit of 1225581664?
6
What is the hundred millions digit of 1070748897?
0
What is the tens digit of 736505256?
5
What is the tens digit of 4437668133?
3
What is the thousands digit of 1123021444?
1
What is the ten millions digit of 808704672?
0
What is the ten millions digit of 67679598?
6
What is the tens digit of 598162945?
4
What is the units digit of 896364831?
1
What is the ten millions digit of 1034914495?
3
What is the hundred millions digit of 979310698?
9
What is the tens digit of 130907578?
7
What is the tens digit of 886900615?
1
What is the ten thousands digit of 300480795?
8
What is the hundreds digit of 2182782095?
0
What is the units digit of 2918663?
3
What is the ten millions digit of 46066195?
4
What is the hundreds digit of 24500925?
9
What is the hundred thousands digit of 58451612?
4
What is the hundreds digit of 499385027?
0
What is the millions digit of 1271851081?
1
What is the units digit of 57505315?
5
What is the units digit of 53808923?
3
What is the units digit of 442419075?
5
What is the billions digit of 2126288700?
2
What is the millions digit of 601652975?
1
What is the millions digit of 544065163?
4
What is the thousands digit of 38164541?
4
What is the hundred thousands digit of 29951478?
9
What is the hundred thousands digit of 500935623?
9
What is the hundred millions digit of 240597923?
2
What is the hundred thousands digit of 491118722?
1
What is the ten thousands digit of 254027028?
2
What is the millions digit of 23164578?
3
What is the units digit of 4176718?
8
What is the millions digit of 1457027197?
7
What is the hundreds digit of 306201690?
6
What is the thousands digit of 137337610?
7
What is the hundred thousands digit of 399297792?
2
What is the hundreds digit of 54920703?
7
What is the hundreds digit of 25922006?
0
What is the millions digit of 36541226?
6
What is the units digit of 87529150?
0
What is the millions digit of 627259767?
7
What is the units digit of 113678964?
4
What is the hundred millions digit of 3517222904?
5
What is the ten thousands digit of 8111369106?
6
What is the hundred thousands digit of 335176946?
1
What is the units digit of 57240417?
7
What is the tens digit of 69650947?
4
What is the millions digit of 78223796?
8
What is the tens digit of 4390816002?
0
What is the ten millions digit of 1267219702?
6
What is the hundred millions digit of 2339013586?
3
What is the hundred thousands digit of 4566800?
5
What is the ten millions digit of 642874531?
4
What is the thousands digit of 64298985?
8
What is the hundred thousands digit of 1517157936?
1
What is the hundred thousands digit of 327554703?
5
What is the thousands digit of 390592309?
2
What is the hundred millions digit of 133482785?
1
What is the tens digit of 63839230?
3
What is the ten millions digit of 180705335?
8
What is the hundreds digit of 1499545?
5
What is the tens digit of 62642752?
5
What is the hundreds digit of 144372448?
4
What is the thousands digit of 123229779?
9
What is the thousands digit of 225938953?
8
What is the units digit of 992043938?
8
What is the hundred thousands digit of 20994870?
9
What is the hundred thousands digit of 645515940?
5
What is the tens digit of 62707227?
2
What is the hundred thousands digit of 36944551?
9
What is the millions digit of 2069964509?
9
What is the hundred millions digit of 218308808?
2
What is the units digit of 718801816?
6
What is the billions digit of 7012622834?
7
What is the ten millions digit of 43240497?
4
What is the ten millions digit of 89531385?
8
What is the tens digit of 28403627?
2
What is the thousands digit of 1865519978?
9
What is the tens digit of 74675533?
3
What is the hundred thousands digit of 143572843?
5
What is the millions digit of 4489511700?
9
What is the millions digit of 203898455?
3
What is the ten thousands digit of 69766893?
6
What is the ten thousands digit of 2163037333?
3
What is the millions digit of 2613360754?
3
What is the hundreds digit of 252642800?
8
What is the millions digit of 89972718?
9
What is the ten thousands digit of 33270184?
7
What is the hundred thousands digit of 35103277?
1
What is the units digit of 95685940?
0
What is the millions digit of 1380612043?
0
What is the units digit of 96672258?
8
What is the ten millions digit of 210730235?
1
What is the units digit of 628882663?
3
What is the ten millions digit of 937486660?
3
What is the thousands digit of 169103177?
3
What is the hundred millions digit of 453972361?
4
What is the tens digit of 48391548?
4
What is the hundred thousands digit of 937178580?
1
What is the units digit of 911098661?
1
What is the units digit of 826915554?
4
What is the tens digit of 88787086?
8
What is the hundred millions digit of 144470752?
1
What is the units digit of 114861177?
7
What is the billions digit of 1599070154?
1
What is the hundred thousands digit of 1305861401?
8
What is the millions digit of 1040509477?
0
What is the ten millions digit of 523920839?
2
What is the hundreds digit of 881024012?
0
What is the hundred thousands digit of 39967038?
9
What is the hundred thousands digit of 99058204?
0
What is the millions digit of 1119486426?
9
What is the units digit of 70579879?
9
What is the hundred millions digit of 227861325?
2
What is the hundred millions digit of 863550689?
8
What is the tens digit of 182097359?
5
What is the hundred thousands digit of 474254109?
2
What is the thousands digit of 20458911?
8
What is the thousands digit of 30465025?
5
What is the millions digit of 1491867510?
1
What is the units digit of 113942587?
7
What is the millions digit of 522445019?
2
What is the hundreds digit of 305316445?
4
What is the units digit of 127126761?
1
What is the hundred thousands digit of 25431477?
4
What is the tens digit of 838294457?
5
What is the ten thousands digit of 30026838?
2
What is the hundred millions digit of 4638850534?
6
What is the units digit of 708084986?
6
What is the tens digit of 514972533?
3
What is the hundreds digit of 4515013775?
7
What is the hundreds digit of 44772027?
0
What is the hundred thousands digit of 3144741215?
7
What is the hundred millions digit of 5554898133?
5
What is the units digit of 86635560?
0
What is the thousands digit of 52816215?
6
What is the units digit of 1793968787?
7
What is the hundred thousands digit of 38964054?
9
What is the ten thousands digit of 585885949?
8
What is the hundred thousands digit of 850323796?
3
What is the hundreds digit of 873857110?
1
What is the units digit of 98948647?
7
What is the units digit of 21303306?
6
What is the hundred thousands digit of 66821438?
8
What is the ten millions digit of 12603742?
1
What is the units digit of 62683864?
4
What is the ten millions digit of 378719203?
7
What is the billions digit of 4224813068?
4
What is the hundreds digit of 1908415296?
2
What is the hundred thousands digit of 54780756?
7
What is the ten thousands digit of 2240257628?
5
What is the ten thousands digit of 755322718?
2
What is the units digit of 803994205?
5
What is the hundred thousands digit of 2100818596?
8
What is the ten millions digit of 59583610?
5
What is the millions digit of 126537951?
6
What is the tens digit of 2741989297?
9
What is the hundred thousands digit of 928975?
9
What is the hundreds digit of 7383739?
7
What is the ten millions digit of 4102006370?
0
What is the tens digit of 210443479?
7
What is the units digit of 1442912202?
2
What is the ten millions digit of 150357899?
5
What is the hundreds digit of 8593671?
6
What is the units digit of 194058326?
6
What is the ten millions digit of 15419829?
1
What is the tens digit of 43801433?
3
What is the ten millions digit of 74105925?
7
What is the ten thousands digit of 476768945?
6
What is the hundred thousands digit of 54